(j) be the second derivative of j**7/2520 + j**6/72 + j**5/40 - 9*j**4/4 + 34*j. Let t(n) be the third derivative of c(n). Calculate t(-9).
-6
Let x(f) = f**2 - 8*f + 6. Let s = -69 + 100. Let y(a) = a - 23. Let q be y(s). Determine x(q).
6
Let m = -10610 - -10612. Let p(t) be the third derivative of 0 + 1/30*t**6 + 0*t + 1/6*t**3 - 1/12*t**4 + 17*t**m + 0*t**5. What is p(1)?
3
Let x(o) = 2*o**3 - 5*o**2 - o + 8. Let a be x(2). Let v(z) = z**a - 1 - 362*z + 2*z**2 + 364*z. Let k(f) = -f - 4. Let i be k(-2). What is v(i)?
7
Let k(d) = -d**3 - 5*d**2 + 7*d - 3. Let z be 2/4*4*(-18)/12. Let m be (((-5)/z)/((-10)/(-36)))/(-1). Give k(m).
-9
Let r(h) = -8*h + h - 9 + 10 + 5. Give r(-9).
69
Let k(w) = -15*w - 22 - 6*w + 9*w + 5*w. Calculate k(-6).
20
Let t(f) be the third derivative of f**5/60 - f**4/2 + 5*f**3/3 - 3*f**2 + 10*f + 13. Give t(2).
-10
Let t(w) = w - 5. Let r(y) = 147*y + 2503. Let o be r(-17). Determine t(o).
-1
Let k(g) = g**3 - g**2 - 15*g + 32. Let b be k(3). Suppose 5*h = -2*m + 18, b*m - m + 12 = 2*h. Let p(n) = 12*n**2 - 2*n - 2. Give p(m).
12
Let j(i) = -3*i**2 - 3*i. Suppose -2*s + 43 + 19 = m, 0 = -4*m + 2*s + 288. Suppose -33 + m = x. Let f = x + -39. Give j(f).
-6
Let b(r) = r - 8. Suppose j - 2*a = 5, -2*j - 4*a - 11 = 19. Let x be ((-112)/(-21))/(-4)*(-1 + j). Give b(x).
0
Let h(g) be the third derivative of -g**6/30 - g**4/6 - 2*g**3/3 - 34*g**2 + 2. Calculate h(-2).
36
Suppose 0 = -j + 4*t - 13, j - 2*j - 2*t = -11. Let u(k) = -2*k**2 - 4*k + 18. Give u(j).
-12
Let n(l) = -12*l**3 + l + 1. Let z be (1 - -2) + (-14 - -13). Let w be (-1*2)/((-12)/18). Suppose b + w*o = z - 3, b + 5*o + 1 = 0. Determine n(b).
12
Let s(j) = 4*j**2 - 4*j - 4. Let a = -14269 - -14272. Determine s(a).
20
Let v(x) = 16*x**3 + 43*x**2 - 24*x + 35. Let z(b) = 7*b**3 + 21*b**2 - 14*b + 16. Let g(d) = -4*v(d) + 9*z(d). Determine g(15).
4
Let v(n) be the first derivative of -57 - 1/2*n**2 - 2*n. Determine v(3).
-5
Let l be (-25)/(-9) - 6/(-27). Let t(z) = 174 - 86 - 86 + 2*z**l + 5*z**2 + 5*z. Calculate t(-3).
-22
Let k(u) be the second derivative of -u**3/6 - 15*u**2 + 4907*u. Determine k(21).
-51
Let g(o) = 3*o. Let l(f) = 2*f + 17. Let n be l(-7). Suppose 7 = n*y + 1. Suppose -4*u = -y*t + 2, 0*t = -t - 2*u - 3. Give g(t).
-3
Let a be (-23)/(-3) - (-2)/6. Let r(g) = -19 + 136*g - 382*g + 249*g + 3. Calculate r(a).
8
Let j(v) = v**3 - 11*v**2 + 17*v + 12. Suppose 12 = 4*q, 10*c - 26 = 6*c + 2*q. Calculate j(c).
-44
Let l(z) = -z**3 + 3*z + 4. Suppose -2*k = -10, -14*k + 16*k = 2*v + 14. Give l(v).
6
Let i(j) = -51*j**3 + 6*j + 5. Let x be i(-2). Let v = 399 - x. Let y(p) = -p**2 - 1. Calculate y(v).
-5
Let w(a) = 7*a + 36. Let x(b) = 2*b + 8. Let g(l) = 2*w(l) - 9*x(l). Suppose -115 = 5*v - 125. Determine g(v).
-8
Let f = -3429 - -3433. Let q(x) = 8*x - 14. Determine q(f).
18
Suppose -59 - 5 = -8*r. Let f(q) = -q**2 + 2*q + 52. Give f(r).
4
Suppose 0 = -5*m + 3*m - 4. Let g(d) be the first derivative of 5/3*d**3 + 8 - d - 1/2*d**2. Calculate g(m).
21
Let w(b) = -b**2 + 4. Let x be (-164 - -161) + (3/(-9))/(2/(-24)). Calculate w(x).
3
Let u(x) = x**2 + 8*x - 19. Suppose -4*m - 110 = -5*v - 46, -5*v - 5*m = -10. What is u(v)?
109
Let y(v) = v**2 + v - 8. Suppose 13*z - 2877 + 2812 = 0. Calculate y(z).
22
Let f = 5 + -7. Let q(h) be the second derivative of 5*h**3/6 + 2*h**2 + 1581*h. What is q(f)?
-6
Let h(j) = -4*j - 7. Let f be 12/(-8)*(-3 + 6 + -1). Give h(f).
5
Let s(d) = 5*d**3 + d**2 + d + 7. Let a(h) = h**3 + 2*h**2 + 2*h. Let c(g) = 3*a(g) - s(g). What is c(4)?
-35
Let u be (4/14)/(2/14). Suppose 2*d + u*d = 5*j - 64, -4*j + 50 = -2*d. Suppose j*y + 3 - 63 = 0. Let b(m) = -2*m**2 + 7*m - 5. What is b(y)?
-20
Let w be 7/2*(-100)/(-70). Let t(q) = -34*q**2 - 13*q - 4. Let v(c) = 35*c**2 + 10*c + 3. Let p(b) = w*v(b) + 4*t(b). Calculate p(-1).
40
Let q(w) = 29 + 10*w - 175 - 65*w - 133 + 52. Let h be q(-4). Let x(m) = -m**3 - 8*m**2 + 5. What is x(h)?
-44
Let m(y) = -3*y**2 + 11*y - 1. Let v be m(3). Suppose -2*o - 4*q = 4, -6*o - 3 = -3*o + v*q. Let i(n) = n**2 - 5*n + 2. Calculate i(o).
-2
Let i(a) = 23 - 2*a + a + 3*a + 2*a. Let b(l) = l**2 + 26*l + 20. Let r be b(-25). Let y be i(r). Let n(p) = 3*p - 3. Determine n(y).
6
Let g(b) be the first derivative of -b**5/60 - 7*b**4/24 + 5*b**3/6 - 5*b**2/2 - 3*b + 43. Let s(d) be the second derivative of g(d). Determine s(-9).
-13
Let r(l) = 3*l + 2. Let s = 406 - 416. Let n(k) = -9*k - 96. Let g be n(s). What is r(g)?
-16
Let h(l) = -2*l**2 + 21*l - 25. Let k = 27784 - 27776. Determine h(k).
15
Let m(x) = -4*x**2 - 27*x - 13. Let k = -3545 + 3539. What is m(k)?
5
Let y(m) = -24*m + 160. Let w = -785 - -792. Let i be y(w). Let f(h) = h**2 + 8*h - 2. Calculate f(i).
-2
Let w(f) = 4*f - 2*f + 12 + 3*f - 3*f. Let z = -283 + 292. What is w(z)?
30
Let k = -358 - -360. Let l(t) = -t**3 - t**2 - 2*t**2 - 8 - t**k + t + 0*t**2. Determine l(-4).
-12
Suppose 0 = -4*m - 8 - 0. Let z(j) = -j - 4. Let o(f) = f + 4. Let q(n) = m*z(n) - 3*o(n). Suppose -2*b + 3*y = 0, 55*b = 50*b + y. Give q(b).
-4
Let t be (-96*(-4)/6)/2. Suppose 4*l + 4*p = t, -4*l = -6*l + 5*p - 19. Let r(x) = 0 - 4*x + l - 8. Give r(-4).
11
Let g(r) = -r**3 - 7*r**2 - 7*r - 6. Let t be g(-6). Suppose 2*w = 21*w - 38. Let j(b) = -b - 27 + 13 + 33 - 2*b + w*b. Give j(t).
19
Let y(o) = o**2 - 9*o - 56. Let u be y(14). Suppose -u*l - 8*l = 1540. Let d = -63 - l. Let j(g) = g**3 - 7*g**2 + 2*g. Calculate j(d).
14
Let o(m) = -815*m - 75. Let t(c) = 1017*c + 76. Let u(y) = -5*o(y) - 4*t(y). Calculate u(-11).
-6
Let m = -8 + 12. Let f(w) = -w + m*w**2 - 2 + 4*w + w**3 - 1. Suppose 3*x - 5*l = -2*x, 2*l = 3*l + 4. Calculate f(x).
-15
Let i(b) = -14*b - 37. Suppose 4*c + 1 = 3*v - 6, -3*c = -4*v. Give i(v).
5
Let a(f) = f**2 - 10*f + 18. Let t = 462 - 456. Let s be a(t). Let i(z) = z**3 + 7*z**2 + 6*z - 3. What is i(s)?
-3
Let k(x) = 7*x**2 + 5. Let f(h) = 19*h**2 - h + 15. Let v(s) = 4*f(s) - 11*k(s). Let z(w) = 9*w - 2. Let l be z(2). Suppose 0 = -m - 3*m - l. Calculate v(m).
5
Suppose 15 = 3*a, a - 1 = -47*s + 49*s. Let c(h) be the third derivative of -1/60*h**5 + 0 + 0*h + 8*h**s - 1/6*h**3 - 7/24*h**4. Give c(-6).
5
Let i(h) = 7*h - 3. Let y(w) = -w - 1. Let r(b) = -i(b) - 4*y(b). Suppose -68*x + 72*x - 20 = 0. Suppose 2 = 2*j + x*z, 5*z = -12*j + 15*j - 28. Give r(j).
-11
Let o(y) = 3159 - 1543 + 14*y - 1597 + y**2. Calculate o(-14).
19
Suppose 7*h - 10*h = -72. Suppose -5*r = -r - h. Let p(l) = -13*l + 5 - 6 + 12*l. Calculate p(r).
-7
Let a(r) = 129. Let u(c) = c + 29. Let z(t) = -a(t) + 5*u(t). What is z(6)?
46
Let a(n) = n**2 + 7*n + 14. Suppose -p - 39 + 41 = 0. Let r(v) = -v**2 - v + 1. Let c(i) = p*r(i) + a(i). What is c(7)?
2
Let k(r) be the first derivative of 0*r**3 + 1/4*r**4 + 74 - 7*r + 0*r**2. Let z = 1 + -1. Determine k(z).
-7
Let u = -25 + 33. Suppose c + 5 = -u. Let k = -17 - c. Let w(v) = v**3 + 4*v**2 + v - 3. Determine w(k).
-7
Let o(m) = 5*m**2 + 14*m + 18 - 2*m**3 - 9*m - 13*m**2. Let c be o(-4). Let p(y) = 3*y**3 + 2*y**2 + y - 1. Calculate p(c).
-19
Let k(h) = -13*h**2 + h + 4. Suppose -168 = -250*d + 332. Calculate k(d).
-46
Let v(a) be the first derivative of -a**4/8 + 5*a**3/2 - 179*a**2/2 + 125. Let p(m) be the second derivative of v(m). Determine p(6).
-3
Let s(u) be the third derivative of -35*u**4/24 + 27*u**3/2 + 27*u**2 + u + 65. Determine s(4).
-59
Suppose -4*c + 38 = 2*k, -2*c + 5*k - 2*k + 39 = 0. Let f(z) = -3*z**2 - 5 + 2*z - 25*z + 4*z**2 + c*z. Give f(11).
-5
Let a(v) be the second derivative of v**4/24 - 5*v**3/3 + 72*v**2 + 144*v. Let j(w) be the first derivative of a(w). Determine j(8).
-2
Let s(x) = x**3 + 23*x**2 - 26*x - 41. Let o = 8413 + -8437. Determine s(o).
7
Let g(p) = -3*p**2 - 8*p - 3. Suppose 0 = v - 7, -20*k - v = -24*k - 23. Determine g(k).
-19
Suppose -16*v - 61 = 6 - 3. Let m(p) = p**3 + 10*p**2 + 20*p - 7. Give m(v).
9
Suppose -12*l + 9 = -3. Let k(w) = 2*w**2 + 1. Let f(g) = -11*g**2 + g + 14. Let d(j) = l*f(j) + 5*k(j). Let t = -2 - -2. Determine d(t).
19
Let n(p) be the first derivative of p**4/4 - 31*p**3/3 - p**2/2 + 37*p + 919. Calculate n(31).
6
Let y(u) = -4*u + 13. Suppose -3*k + 16 = 2*c, -31*k = -30*k + 3*c - 3. Suppose -k = 13*v - 97. Calculate y(v).
-15
Let z be 1/2*(-12